{"id":960,"date":"2024-10-02T18:05:33","date_gmt":"2024-10-02T15:05:33","guid":{"rendered":"https:\/\/bidergi.bahcelievler.istanbul\/?page_id=960"},"modified":"2024-11-20T15:38:23","modified_gmt":"2024-11-20T12:38:23","slug":"bidergi-13-sayi","status":"publish","type":"page","link":"https:\/\/bidergi.bahcelievler.istanbul\/?page_id=960","title":{"rendered":"biDERG\u0130 &#8220;13. say\u0131&#8221;"},"content":{"rendered":"\n<div class=\"wp-block-columns is-layout-flex wp-container-core-columns-is-layout-9d6595d7 wp-block-columns-is-layout-flex\">\n<div class=\"wp-block-column is-layout-flow wp-block-column-is-layout-flow\" style=\"flex-basis:100%\">\n<div class=\"wp-block-columns is-layout-flex wp-container-core-columns-is-layout-9d6595d7 wp-block-columns-is-layout-flex\">\n<div class=\"wp-block-column is-layout-flow wp-block-column-is-layout-flow\" style=\"flex-basis:100%\">\n<figure class=\"wp-block-image size-large is-resized\"><img loading=\"lazy\" decoding=\"async\" width=\"10721\" height=\"706\" src=\"https:\/\/bidergi.bahcelievler.istanbul\/wp-content\/uploads\/2024\/10\/Asset-5-edited.png\" alt=\"\" class=\"wp-image-969\" style=\"width:1450px;height:auto\" srcset=\"https:\/\/bidergi.bahcelievler.istanbul\/wp-content\/uploads\/2024\/10\/Asset-5-edited.png 10721w, https:\/\/bidergi.bahcelievler.istanbul\/wp-content\/uploads\/2024\/10\/Asset-5-edited-300x20.png 300w, https:\/\/bidergi.bahcelievler.istanbul\/wp-content\/uploads\/2024\/10\/Asset-5-edited-1024x67.png 1024w, https:\/\/bidergi.bahcelievler.istanbul\/wp-content\/uploads\/2024\/10\/Asset-5-edited-768x51.png 768w, https:\/\/bidergi.bahcelievler.istanbul\/wp-content\/uploads\/2024\/10\/Asset-5-edited-1536x101.png 1536w, https:\/\/bidergi.bahcelievler.istanbul\/wp-content\/uploads\/2024\/10\/Asset-5-edited-2048x135.png 2048w, https:\/\/bidergi.bahcelievler.istanbul\/wp-content\/uploads\/2024\/10\/Asset-5-edited-24x2.png 24w, https:\/\/bidergi.bahcelievler.istanbul\/wp-content\/uploads\/2024\/10\/Asset-5-edited-36x2.png 36w, https:\/\/bidergi.bahcelievler.istanbul\/wp-content\/uploads\/2024\/10\/Asset-5-edited-48x3.png 48w\" sizes=\"auto, (max-width: 10721px) 100vw, 10721px\" \/><\/figure>\n<\/div>\n<\/div>\n\n\n<div class=\"wp-block-image\">\n<figure class=\"aligncenter size-full\"><a href=\"https:\/\/www.bahcelievler.istanbul\/uploads\/files\/BiDergi\/BiDergi%2013.Say%C4%B1.pdf\"><img loading=\"lazy\" decoding=\"async\" width=\"253\" height=\"80\" src=\"https:\/\/bidergi.bahcelievler.istanbul\/wp-content\/uploads\/2023\/05\/indir.png\" alt=\"\" class=\"wp-image-786\" srcset=\"https:\/\/bidergi.bahcelievler.istanbul\/wp-content\/uploads\/2023\/05\/indir.png 253w, https:\/\/bidergi.bahcelievler.istanbul\/wp-content\/uploads\/2023\/05\/indir-24x8.png 24w, https:\/\/bidergi.bahcelievler.istanbul\/wp-content\/uploads\/2023\/05\/indir-36x11.png 36w, https:\/\/bidergi.bahcelievler.istanbul\/wp-content\/uploads\/2023\/05\/indir-48x15.png 48w\" sizes=\"auto, (max-width: 253px) 100vw, 253px\" \/><\/a><\/figure>\n<\/div><\/div>\n<\/div>\n\n\n\n<p><\/p>\n\n\n\n<div class=\"wp-block-group\"><div class=\"wp-block-group__inner-container is-layout-flow wp-block-group-is-layout-flow\">\n<h1 class=\"wp-block-heading has-text-color\" id=\"bahcelievler-bidergi-3-sayi-cikti\" style=\"color:#1e7c43\">Bah\u00e7elievler biDERG\u0130 &#8220;13. say\u0131&#8221; \u00e7\u0131kt\u0131<\/h1>\n\n\n\n<p class=\"has-text-color has-medium-font-size\" style=\"color:#1e7c43\"><strong>biDergi<\/strong> &#8211; 2024<\/p>\n<\/div><\/div>\n\n\n\n<pre class=\"wp-block-code\"><code><\/code><\/pre>\n\n\n\n<div class=\"wp-block-columns is-layout-flex wp-container-core-columns-is-layout-9d6595d7 wp-block-columns-is-layout-flex\">\n<div class=\"wp-block-column alignfull is-layout-flow wp-block-column-is-layout-flow\" style=\"flex-basis:100%\">\n<figure class=\"wp-block-image size-large is-resized is-style-default bitki\"><img loading=\"lazy\" decoding=\"async\" width=\"548\" height=\"213\" src=\"https:\/\/bidergi.bahcelievler.istanbul\/wp-content\/uploads\/2021\/07\/Bitkipng.png\" alt=\"\" class=\"wp-image-204\" style=\"width:406px;height:auto\" srcset=\"https:\/\/bidergi.bahcelievler.istanbul\/wp-content\/uploads\/2021\/07\/Bitkipng.png 548w, https:\/\/bidergi.bahcelievler.istanbul\/wp-content\/uploads\/2021\/07\/Bitkipng-300x117.png 300w, https:\/\/bidergi.bahcelievler.istanbul\/wp-content\/uploads\/2021\/07\/Bitkipng-24x9.png 24w, https:\/\/bidergi.bahcelievler.istanbul\/wp-content\/uploads\/2021\/07\/Bitkipng-36x14.png 36w, https:\/\/bidergi.bahcelievler.istanbul\/wp-content\/uploads\/2021\/07\/Bitkipng-48x19.png 48w\" sizes=\"auto, (max-width: 548px) 100vw, 548px\" \/><\/figure>\n<\/div>\n<\/div>\n\n\n\n<div class=\"wp-block-columns alignfull is-layout-flex wp-container-core-columns-is-layout-9d6595d7 wp-block-columns-is-layout-flex\">\n<div class=\"wp-block-column alignfull is-layout-flow wp-block-column-is-layout-flow\" style=\"flex-basis:100%\"><ul id=\"menu-auto-menu-from-pages\" class=\"menu dergi-menu aligncenter\"><li id=\"menu-item-915\" class=\"menu-item menu-item-type-post_type menu-item-object-page menu-item-915\"><a href=\"https:\/\/bidergi.bahcelievler.istanbul\/?page_id=596\">biDERG\u0130 &#8220;2 say\u0131&#8221;<\/a><\/li>\n<li id=\"menu-item-917\" class=\"menu-item menu-item-type-post_type menu-item-object-page menu-item-917\"><a href=\"https:\/\/bidergi.bahcelievler.istanbul\/?page_id=35\">biDERG\u0130 &#8220;1 say\u0131&#8221;<\/a><\/li>\n<li id=\"menu-item-666\" class=\"menu-item menu-item-type-post_type menu-item-object-page menu-item-666\"><a href=\"https:\/\/bidergi.bahcelievler.istanbul\/?page_id=650\">biDERG\u0130 &#8220;3 say\u0131&#8221;<\/a><\/li>\n<li id=\"menu-item-919\" class=\"menu-item menu-item-type-post_type menu-item-object-page menu-item-919\"><a href=\"https:\/\/bidergi.bahcelievler.istanbul\/?page_id=671\">biDERG\u0130 &#8220;3 say\u0131&#8221;<\/a><\/li>\n<li id=\"menu-item-921\" class=\"menu-item menu-item-type-post_type menu-item-object-page menu-item-921\"><a href=\"https:\/\/bidergi.bahcelievler.istanbul\/?page_id=673\">biDERG\u0130 &#8220;4 say\u0131&#8221;<\/a><\/li>\n<li id=\"menu-item-923\" class=\"menu-item menu-item-type-post_type menu-item-object-page menu-item-923\"><a href=\"https:\/\/bidergi.bahcelievler.istanbul\/?page_id=686\">biDERG\u0130 &#8220;5 say\u0131&#8221;<\/a><\/li>\n<li id=\"menu-item-925\" class=\"menu-item menu-item-type-post_type menu-item-object-page menu-item-925\"><a href=\"https:\/\/bidergi.bahcelievler.istanbul\/?page_id=821\">biDERG\u0130 &#8220;6 say\u0131&#8221;<\/a><\/li>\n<li id=\"menu-item-927\" class=\"menu-item menu-item-type-post_type menu-item-object-page menu-item-927\"><a href=\"https:\/\/bidergi.bahcelievler.istanbul\/?page_id=839\">biDERG\u0130 &#8220;8 say\u0131&#8221;<\/a><\/li>\n<li id=\"menu-item-929\" class=\"menu-item menu-item-type-post_type menu-item-object-page menu-item-929\"><a href=\"https:\/\/bidergi.bahcelievler.istanbul\/?page_id=846\">biDERG\u0130 &#8220;7 say\u0131&#8221;<\/a><\/li>\n<li id=\"menu-item-931\" class=\"menu-item menu-item-type-post_type menu-item-object-page menu-item-931\"><a href=\"https:\/\/bidergi.bahcelievler.istanbul\/?page_id=769\">biDERG\u0130 &#8220;9. say\u0131&#8221;<\/a><\/li>\n<li id=\"menu-item-933\" class=\"menu-item menu-item-type-post_type menu-item-object-page menu-item-933\"><a href=\"https:\/\/bidergi.bahcelievler.istanbul\/?page_id=878\">biDERG\u0130 &#8220;10. say\u0131&#8221;<\/a><\/li>\n<li id=\"menu-item-935\" class=\"menu-item menu-item-type-post_type menu-item-object-page menu-item-935\"><a href=\"https:\/\/bidergi.bahcelievler.istanbul\/?page_id=907\">biDERG\u0130 &#8220;11. say\u0131&#8221;<\/a><\/li>\n<li id=\"menu-item-1004\" class=\"menu-item menu-item-type-post_type menu-item-object-page menu-item-1004\"><a href=\"https:\/\/bidergi.bahcelievler.istanbul\/?page_id=953\">biDERG\u0130 &#8220;12. say\u0131&#8221;<\/a><\/li>\n<li id=\"menu-item-1006\" class=\"menu-item menu-item-type-post_type menu-item-object-page menu-item-1006\"><a href=\"https:\/\/bidergi.bahcelievler.istanbul\/?page_id=960\">biDERG\u0130 &#8220;13. say\u0131&#8221;<\/a><\/li>\n<li id=\"menu-item-1008\" class=\"menu-item menu-item-type-post_type menu-item-object-page menu-item-1008\"><a href=\"https:\/\/bidergi.bahcelievler.istanbul\/?page_id=983\">biDERG\u0130 &#8220;14. say\u0131&#8221;<\/a><\/li>\n<\/ul>\n<\/div>\n<\/div>\n\n\n\n<p class=\"has-text-color has-medium-font-size\" style=\"color:#1e7c43\"><strong>biBA\u015eARI bi\u0130NSAN<\/strong> &#8211; Muhammed Y\u0131ld\u0131r\u0131r<\/p>\n\n\n\n<iframe loading=\"lazy\" width=\"944\" height=\"531\" src=\"https:\/\/www.youtube.com\/embed\/zFprYFbnYX0\" title=\"biBA\u015eARI bi\u0130NSAN Muhammed Y\u0131ld\u0131r\u0131r\" frameborder=\"0\" allow=\"accelerometer; autoplay; clipboard-write; encrypted-media; gyroscope; picture-in-picture; web-share\" referrerpolicy=\"strict-origin-when-cross-origin\" allowfullscreen><\/iframe>\n\n\n\n<div class=\"wp-block-columns alignfull is-layout-flex wp-container-core-columns-is-layout-9d6595d7 wp-block-columns-is-layout-flex\">\n<div class=\"wp-block-column is-vertically-aligned-center is-layout-flow wp-block-column-is-layout-flow\" style=\"flex-basis:100%\">\n<hr class=\"wp-block-separator has-text-color has-nv-dark-bg-color has-css-opacity has-nv-dark-bg-background-color has-background alignfull is-style-wide\"\/>\n<\/div>\n<\/div>\n\n\n\n<div class=\"wp-block-group alignfull\"><div class=\"wp-block-group__inner-container is-layout-flow wp-block-group-is-layout-flow\">\n<p class=\"has-text-color has-medium-font-size\" style=\"color:#1e7c43\"><strong>biM\u0130RAS<\/strong> &#8211; Bekir Kantarc\u0131<\/p>\n\n\n<p><iframe loading=\"lazy\" width=\"944\" height=\"531\" src=\"https:\/\/www.youtube.com\/embed\/xPoXNCT64T0\" title=\"biM\u0130RAS Bekir Kantarc\u0131\" frameborder=\"0\" allow=\"accelerometer; autoplay; clipboard-write; encrypted-media; gyroscope; picture-in-picture; web-share\" referrerpolicy=\"strict-origin-when-cross-origin\" allowfullscreen><\/iframe><\/p>\n\n\n\n<div class=\"wp-block-columns alignfull is-layout-flex wp-container-core-columns-is-layout-9d6595d7 wp-block-columns-is-layout-flex\">\n<div class=\"wp-block-column is-vertically-aligned-center is-layout-flow wp-block-column-is-layout-flow\" style=\"flex-basis:100%\">\n<hr class=\"wp-block-separator has-text-color has-nv-dark-bg-color has-css-opacity has-nv-dark-bg-background-color has-background alignfull is-style-wide\"\/>\n<\/div>\n<\/div>\n<\/div><\/div>\n\n\n\n<div class=\"wp-block-group alignfull\"><div class=\"wp-block-group__inner-container is-layout-flow wp-block-group-is-layout-flow\">\n<p class=\"has-text-color has-medium-font-size\" style=\"color:#1e7c43\"><strong>biYEMEK<\/strong> &#8211; Kilis Tava<\/p>\n\n\n<p><iframe loading=\"lazy\" width=\"944\" height=\"531\" src=\"https:\/\/www.youtube.com\/embed\/hH9VX2-KF_Y\" title=\"BiYEMEK Kilis Tava\" frameborder=\"0\" allow=\"accelerometer; autoplay; clipboard-write; encrypted-media; gyroscope; picture-in-picture; web-share\" referrerpolicy=\"strict-origin-when-cross-origin\" allowfullscreen><\/iframe><\/p>\n\n\n\n<div class=\"wp-block-columns alignfull is-layout-flex wp-container-core-columns-is-layout-9d6595d7 wp-block-columns-is-layout-flex\">\n<div class=\"wp-block-column is-vertically-aligned-center is-layout-flow wp-block-column-is-layout-flow\" style=\"flex-basis:100%\">\n<hr class=\"wp-block-separator has-text-color has-nv-dark-bg-color has-css-opacity has-nv-dark-bg-background-color has-background alignfull is-style-wide\"\/>\n<\/div>\n<\/div>\n<\/div><\/div>\n\n\n\n<div class=\"wp-block-group alignfull\"><div class=\"wp-block-group__inner-container is-layout-flow wp-block-group-is-layout-flow\">\n<p class=\"has-text-color has-medium-font-size\" style=\"color:#1e7c43\"><strong>biTATLI <\/strong>&#8211; T\u0131rt\u0131l Baklava<\/p>\n\n\n<p><iframe loading=\"lazy\" width=\"944\" height=\"531\" src=\"https:\/\/www.youtube.com\/embed\/xJz80-7k1nw\" title=\"biTATLI T\u0131rt\u0131l Baklava\" frameborder=\"0\" allow=\"accelerometer; autoplay; clipboard-write; encrypted-media; gyroscope; picture-in-picture; web-share\" referrerpolicy=\"strict-origin-when-cross-origin\" allowfullscreen><\/iframe><\/p>\n\n\n\n<div class=\"wp-block-columns alignfull is-layout-flex wp-container-core-columns-is-layout-9d6595d7 wp-block-columns-is-layout-flex\">\n<div class=\"wp-block-column is-vertically-aligned-center is-layout-flow wp-block-column-is-layout-flow\" style=\"flex-basis:100%\">\n<hr class=\"wp-block-separator has-text-color has-nv-dark-bg-color has-css-opacity has-nv-dark-bg-background-color has-background alignfull is-style-wide\"\/>\n<\/div>\n<\/div>\n<\/div><\/div>\n\n\n\n<p><\/p>\n","protected":false},"excerpt":{"rendered":"<p>Bah\u00e7elievler biDERG\u0130 &#8220;13. say\u0131&#8221; \u00e7\u0131kt\u0131 biDergi &#8211; 2024 biBA\u015eARI bi\u0130NSAN &#8211; Muhammed Y\u0131ld\u0131r\u0131r biM\u0130RAS &#8211; Bekir Kantarc\u0131 biYEMEK &#8211; Kilis Tava biTATLI &#8211; T\u0131rt\u0131l Baklava<\/p>\n","protected":false},"author":1,"featured_media":0,"parent":0,"menu_order":0,"comment_status":"closed","ping_status":"closed","template":"","meta":{"neve_meta_sidebar":"","neve_meta_container":"","neve_meta_enable_content_width":"","neve_meta_content_width":0,"neve_meta_title_alignment":"","neve_meta_author_avatar":"","neve_post_elements_order":"","neve_meta_disable_header":"","neve_meta_disable_footer":"","neve_meta_disable_title":"","footnotes":""},"class_list":["post-960","page","type-page","status-publish","hentry"],"_links":{"self":[{"href":"https:\/\/bidergi.bahcelievler.istanbul\/index.php?rest_route=\/wp\/v2\/pages\/960","targetHints":{"allow":["GET"]}}],"collection":[{"href":"https:\/\/bidergi.bahcelievler.istanbul\/index.php?rest_route=\/wp\/v2\/pages"}],"about":[{"href":"https:\/\/bidergi.bahcelievler.istanbul\/index.php?rest_route=\/wp\/v2\/types\/page"}],"author":[{"embeddable":true,"href":"https:\/\/bidergi.bahcelievler.istanbul\/index.php?rest_route=\/wp\/v2\/users\/1"}],"replies":[{"embeddable":true,"href":"https:\/\/bidergi.bahcelievler.istanbul\/index.php?rest_route=%2Fwp%2Fv2%2Fcomments&post=960"}],"version-history":[{"count":11,"href":"https:\/\/bidergi.bahcelievler.istanbul\/index.php?rest_route=\/wp\/v2\/pages\/960\/revisions"}],"predecessor-version":[{"id":980,"href":"https:\/\/bidergi.bahcelievler.istanbul\/index.php?rest_route=\/wp\/v2\/pages\/960\/revisions\/980"}],"wp:attachment":[{"href":"https:\/\/bidergi.bahcelievler.istanbul\/index.php?rest_route=%2Fwp%2Fv2%2Fmedia&parent=960"}],"curies":[{"name":"wp","href":"https:\/\/api.w.org\/{rel}","templated":true}]}}