{"id":458,"date":"2021-07-11T22:28:39","date_gmt":"2021-07-11T19:28:39","guid":{"rendered":"http:\/\/localhost:8080\/?page_id=458"},"modified":"2023-05-23T15:06:50","modified_gmt":"2023-05-23T12:06:50","slug":"bulmaca-cozumleri","status":"publish","type":"page","link":"https:\/\/bidergi.bahcelievler.istanbul\/?page_id=458","title":{"rendered":"Bulmaca \u00c7\u00f6z\u00fcmleri"},"content":{"rendered":"\n<div class=\"wp-block-group alignfull\"><div class=\"wp-block-group__inner-container is-layout-flow wp-block-group-is-layout-flow\">\n<p><\/p>\n\n\n\n<h1 class=\"wp-block-heading has-text-color\" style=\"color:#1e7c43\">Bah\u00e7elievler biDERG\u0130 &#8220;1. say\u0131&#8221;<\/h1>\n\n\n\n<p class=\"has-text-color has-medium-font-size\" style=\"color:#1e7c43\">\u00c7ENGEL BULMACA \u00c7\u00d6Z\u00dcMLER\u0130<\/p>\n\n\n\n<hr class=\"wp-block-separator has-css-opacity is-style-wide\"\/>\n\n\n\n<figure class=\"wp-block-image size-large is-resized is-style-default\"><img loading=\"lazy\" decoding=\"async\" src=\"https:\/\/bidergi.bahcelievler.istanbul\/wp-content\/uploads\/2021\/07\/dergi1bulmaca-868x1024.jpg\" alt=\"\" class=\"wp-image-459\" width=\"819\" height=\"966\" srcset=\"https:\/\/bidergi.bahcelievler.istanbul\/wp-content\/uploads\/2021\/07\/dergi1bulmaca-868x1024.jpg 868w, https:\/\/bidergi.bahcelievler.istanbul\/wp-content\/uploads\/2021\/07\/dergi1bulmaca-254x300.jpg 254w, https:\/\/bidergi.bahcelievler.istanbul\/wp-content\/uploads\/2021\/07\/dergi1bulmaca-768x906.jpg 768w, https:\/\/bidergi.bahcelievler.istanbul\/wp-content\/uploads\/2021\/07\/dergi1bulmaca-1302x1536.jpg 1302w, https:\/\/bidergi.bahcelievler.istanbul\/wp-content\/uploads\/2021\/07\/dergi1bulmaca-20x24.jpg 20w, https:\/\/bidergi.bahcelievler.istanbul\/wp-content\/uploads\/2021\/07\/dergi1bulmaca-31x36.jpg 31w, https:\/\/bidergi.bahcelievler.istanbul\/wp-content\/uploads\/2021\/07\/dergi1bulmaca-41x48.jpg 41w, https:\/\/bidergi.bahcelievler.istanbul\/wp-content\/uploads\/2021\/07\/dergi1bulmaca.jpg 1400w\" sizes=\"auto, (max-width: 819px) 100vw, 819px\" \/><\/figure>\n\n\n\n<hr class=\"wp-block-separator has-css-opacity is-style-wide\"\/>\n<\/div><\/div>\n\n\n\n<div class=\"wp-block-group alignfull\"><div class=\"wp-block-group__inner-container is-layout-flow wp-block-group-is-layout-flow\">\n<p><\/p>\n\n\n\n<h1 class=\"wp-block-heading has-text-color\" style=\"color:#1e7c43\">Bah\u00e7elievler biDERG\u0130 &#8220;2. say\u0131&#8221;<\/h1>\n\n\n\n<p class=\"has-text-color has-medium-font-size\" style=\"color:#1e7c43\">\u00c7ENGEL BULMACA \u00c7\u00d6Z\u00dcMLER\u0130<\/p>\n\n\n\n<hr class=\"wp-block-separator has-css-opacity is-style-wide\"\/>\n\n\n\n<figure class=\"wp-block-image size-full is-style-default\"><img loading=\"lazy\" decoding=\"async\" width=\"868\" height=\"1024\" src=\"https:\/\/bidergi.bahcelievler.istanbul\/wp-content\/uploads\/2021\/11\/BulmacaC.jpg\" alt=\"\" class=\"wp-image-641\" srcset=\"https:\/\/bidergi.bahcelievler.istanbul\/wp-content\/uploads\/2021\/11\/BulmacaC.jpg 868w, https:\/\/bidergi.bahcelievler.istanbul\/wp-content\/uploads\/2021\/11\/BulmacaC-254x300.jpg 254w, https:\/\/bidergi.bahcelievler.istanbul\/wp-content\/uploads\/2021\/11\/BulmacaC-768x906.jpg 768w, https:\/\/bidergi.bahcelievler.istanbul\/wp-content\/uploads\/2021\/11\/BulmacaC-20x24.jpg 20w, https:\/\/bidergi.bahcelievler.istanbul\/wp-content\/uploads\/2021\/11\/BulmacaC-31x36.jpg 31w, https:\/\/bidergi.bahcelievler.istanbul\/wp-content\/uploads\/2021\/11\/BulmacaC-41x48.jpg 41w\" sizes=\"auto, (max-width: 868px) 100vw, 868px\" \/><\/figure>\n\n\n\n<hr class=\"wp-block-separator has-css-opacity is-style-wide\"\/>\n\n\n\n<h1 class=\"wp-block-heading has-text-color\" style=\"color:#1e7c43\">Bah\u00e7elievler biDERG\u0130 &#8220;9. say\u0131&#8221;<\/h1>\n\n\n\n<p class=\"has-text-color has-medium-font-size\" style=\"color:#1e7c43\">\u00c7ENGEL BULMACA \u00c7\u00d6Z\u00dcMLER\u0130<\/p>\n<\/div><\/div>\n\n\n\n<figure class=\"wp-block-image size-large\"><img loading=\"lazy\" decoding=\"async\" width=\"815\" height=\"1024\" src=\"https:\/\/bidergi.bahcelievler.istanbul\/wp-content\/uploads\/2023\/05\/bi-09-815x1024.jpg\" alt=\"\" class=\"wp-image-805\" srcset=\"https:\/\/bidergi.bahcelievler.istanbul\/wp-content\/uploads\/2023\/05\/bi-09-815x1024.jpg 815w, https:\/\/bidergi.bahcelievler.istanbul\/wp-content\/uploads\/2023\/05\/bi-09-239x300.jpg 239w, https:\/\/bidergi.bahcelievler.istanbul\/wp-content\/uploads\/2023\/05\/bi-09-768x965.jpg 768w, https:\/\/bidergi.bahcelievler.istanbul\/wp-content\/uploads\/2023\/05\/bi-09-1223x1536.jpg 1223w, https:\/\/bidergi.bahcelievler.istanbul\/wp-content\/uploads\/2023\/05\/bi-09-19x24.jpg 19w, https:\/\/bidergi.bahcelievler.istanbul\/wp-content\/uploads\/2023\/05\/bi-09-29x36.jpg 29w, https:\/\/bidergi.bahcelievler.istanbul\/wp-content\/uploads\/2023\/05\/bi-09-38x48.jpg 38w, https:\/\/bidergi.bahcelievler.istanbul\/wp-content\/uploads\/2023\/05\/bi-09.jpg 1457w\" sizes=\"auto, (max-width: 815px) 100vw, 815px\" \/><\/figure>\n\n\n\n<figure class=\"wp-block-image size-large\"><img loading=\"lazy\" decoding=\"async\" width=\"1024\" height=\"706\" src=\"https:\/\/bidergi.bahcelievler.istanbul\/wp-content\/uploads\/2023\/05\/bi-cengel-09-cevap-1-1024x706.jpg\" alt=\"\" class=\"wp-image-810\" srcset=\"https:\/\/bidergi.bahcelievler.istanbul\/wp-content\/uploads\/2023\/05\/bi-cengel-09-cevap-1-1024x706.jpg 1024w, https:\/\/bidergi.bahcelievler.istanbul\/wp-content\/uploads\/2023\/05\/bi-cengel-09-cevap-1-300x207.jpg 300w, https:\/\/bidergi.bahcelievler.istanbul\/wp-content\/uploads\/2023\/05\/bi-cengel-09-cevap-1-768x529.jpg 768w, https:\/\/bidergi.bahcelievler.istanbul\/wp-content\/uploads\/2023\/05\/bi-cengel-09-cevap-1-24x17.jpg 24w, https:\/\/bidergi.bahcelievler.istanbul\/wp-content\/uploads\/2023\/05\/bi-cengel-09-cevap-1-36x25.jpg 36w, https:\/\/bidergi.bahcelievler.istanbul\/wp-content\/uploads\/2023\/05\/bi-cengel-09-cevap-1-48x33.jpg 48w, https:\/\/bidergi.bahcelievler.istanbul\/wp-content\/uploads\/2023\/05\/bi-cengel-09-cevap-1.jpg 1457w\" sizes=\"auto, (max-width: 1024px) 100vw, 1024px\" \/><\/figure>\n\n\n\n<figure class=\"wp-block-image size-large\"><img loading=\"lazy\" decoding=\"async\" width=\"1024\" height=\"498\" src=\"https:\/\/bidergi.bahcelievler.istanbul\/wp-content\/uploads\/2023\/05\/bi-sudoku-09-cevap-1-1024x498.jpg\" alt=\"\" class=\"wp-image-811\" srcset=\"https:\/\/bidergi.bahcelievler.istanbul\/wp-content\/uploads\/2023\/05\/bi-sudoku-09-cevap-1-1024x498.jpg 1024w, https:\/\/bidergi.bahcelievler.istanbul\/wp-content\/uploads\/2023\/05\/bi-sudoku-09-cevap-1-300x146.jpg 300w, https:\/\/bidergi.bahcelievler.istanbul\/wp-content\/uploads\/2023\/05\/bi-sudoku-09-cevap-1-768x373.jpg 768w, https:\/\/bidergi.bahcelievler.istanbul\/wp-content\/uploads\/2023\/05\/bi-sudoku-09-cevap-1-24x12.jpg 24w, https:\/\/bidergi.bahcelievler.istanbul\/wp-content\/uploads\/2023\/05\/bi-sudoku-09-cevap-1-36x17.jpg 36w, https:\/\/bidergi.bahcelievler.istanbul\/wp-content\/uploads\/2023\/05\/bi-sudoku-09-cevap-1-48x23.jpg 48w, https:\/\/bidergi.bahcelievler.istanbul\/wp-content\/uploads\/2023\/05\/bi-sudoku-09-cevap-1.jpg 1457w\" sizes=\"auto, (max-width: 1024px) 100vw, 1024px\" \/><\/figure>\n","protected":false},"excerpt":{"rendered":"<p>Bah\u00e7elievler biDERG\u0130 &#8220;1. say\u0131&#8221; \u00c7ENGEL BULMACA \u00c7\u00d6Z\u00dcMLER\u0130 Bah\u00e7elievler biDERG\u0130 &#8220;2. say\u0131&#8221; \u00c7ENGEL BULMACA \u00c7\u00d6Z\u00dcMLER\u0130 Bah\u00e7elievler biDERG\u0130 &#8220;9. say\u0131&#8221; \u00c7ENGEL BULMACA \u00c7\u00d6Z\u00dcMLER\u0130<\/p>\n","protected":false},"author":1,"featured_media":0,"parent":0,"menu_order":0,"comment_status":"closed","ping_status":"closed","template":"","meta":{"neve_meta_sidebar":"","neve_meta_container":"","neve_meta_enable_content_width":"","neve_meta_content_width":0,"neve_meta_title_alignment":"","neve_meta_author_avatar":"","neve_post_elements_order":"","neve_meta_disable_header":"","neve_meta_disable_footer":"","neve_meta_disable_title":"","footnotes":""},"class_list":["post-458","page","type-page","status-publish","hentry"],"_links":{"self":[{"href":"https:\/\/bidergi.bahcelievler.istanbul\/index.php?rest_route=\/wp\/v2\/pages\/458","targetHints":{"allow":["GET"]}}],"collection":[{"href":"https:\/\/bidergi.bahcelievler.istanbul\/index.php?rest_route=\/wp\/v2\/pages"}],"about":[{"href":"https:\/\/bidergi.bahcelievler.istanbul\/index.php?rest_route=\/wp\/v2\/types\/page"}],"author":[{"embeddable":true,"href":"https:\/\/bidergi.bahcelievler.istanbul\/index.php?rest_route=\/wp\/v2\/users\/1"}],"replies":[{"embeddable":true,"href":"https:\/\/bidergi.bahcelievler.istanbul\/index.php?rest_route=%2Fwp%2Fv2%2Fcomments&post=458"}],"version-history":[{"count":6,"href":"https:\/\/bidergi.bahcelievler.istanbul\/index.php?rest_route=\/wp\/v2\/pages\/458\/revisions"}],"predecessor-version":[{"id":812,"href":"https:\/\/bidergi.bahcelievler.istanbul\/index.php?rest_route=\/wp\/v2\/pages\/458\/revisions\/812"}],"wp:attachment":[{"href":"https:\/\/bidergi.bahcelievler.istanbul\/index.php?rest_route=%2Fwp%2Fv2%2Fmedia&parent=458"}],"curies":[{"name":"wp","href":"https:\/\/api.w.org\/{rel}","templated":true}]}}